-18). Let h be (-105126)/28*(2 + b). Let i = -5098 - h. Is i prime?
True
Is (-2)/20 + (1323252/120)/1 a composite number?
False
Suppose 73417 = g + k + 2164, 3*g = -k + 213751. Is g a composite number?
False
Let t = 281740 + -139991. Is t composite?
True
Let o be (-6)/4*84108/(-43). Is -2*(o/16)/((-21)/28) a composite number?
True
Let p = 0 + 0. Suppose p = -3*h + 17 + 10. Is 2146/6 + h/27 a composite number?
True
Suppose 0 = 40*z - 47*z + 861098. Is z a composite number?
True
Is (23719/2)/(((-2)/(-377))/(620/2015)) composite?
True
Suppose -3*o + 2*t + 3034903 = 0, -2*t - 891215 = 3*o - 3926098. Is o a composite number?
False
Is 16/(-96)*(-1 - 194861) a prime number?
False
Suppose a - 3*a = n, 0 = 4*n - 4*a. Suppose 15*y - 13*y - 10 = n. Suppose b + 979 = 6*b + 3*x, -y*b + 964 = -2*x. Is b a prime number?
False
Is 13603 - ((-150)/175)/(1/7) composite?
True
Suppose -123*f + 44 = -119*f. Suppose -s = -t - 2347, 5*s + f*t - 11743 = 14*t. Is s composite?
False
Let b be 24/10 - (-7)/((-105)/6). Suppose b*x + x = 2*v + 7, 7 = -5*v + 4*x. Is v/(20/19 + -1) composite?
False
Suppose 8 = -2*l, -24835 = n + 3*l - 141612. Is n a prime number?
True
Suppose 0 = -5*u + 1 + 9. Let z(k) = -31*k**2 + 35*k**2 - 10 + k + 48*k**u. Is z(7) a prime number?
False
Let h(o) = -92*o + 20. Let x be h(-9). Suppose -404 + 1822 = 5*n + g, -x = -3*n - 2*g. Let a = n + 815. Is a a composite number?
True
Is (-23012745)/140*(2/6)/(3/(-12)) prime?
True
Let h(m) = 32*m**2 + 5*m + 3. Let z be h(-1). Suppose -2*y + 4 = 4*w - z, -3*w = -4*y - 31. Is w a prime number?
False
Suppose -5*t = -p - 6, -2*t - 2 - 6 = -3*p. Is 29418/p - (-21)/42 prime?
False
Suppose 7 - 13 = -3*t. Suppose -t*r = -5*i - 20219, -16*i + 11*i = -r + 10122. Is r prime?
False
Let o(v) = 83*v**2 + 54*v - 21. Suppose -13*x + 240 = 17*x. Is o(x) prime?
False
Let l(s) = 48604*s - 5014. Is l(14) a composite number?
True
Let i(c) = 2370*c**2 + 4*c + 57. Is i(-9) a composite number?
True
Let c(u) = 26*u**2 + 10*u + 221. Let i be c(-40). Let a = i + -14182. Is a composite?
False
Suppose 110 = -42*q + 26. Is 10831/q*(-5 + 3) prime?
True
Let x = -199609 + 333462. Is x prime?
True
Suppose 0 = 5*s + 15, -71*c - 2149 = -75*c - s. Let i = -315 + c. Is i a prime number?
True
Let s(o) = -2136637*o**3 - 2*o**2 + 229*o + 229. Is s(-1) composite?
True
Let c(i) be the first derivative of -10892*i**2 + 49*i + 74. Is c(-1) a composite number?
True
Suppose 294980 = 5*g - h - 20356, h - 126140 = -2*g. Is 114/76*g/6 a composite number?
False
Suppose 8637 = 2*r - h, 0 = r - 0*r + h - 4317. Is r/(-51)*(6/(-4) - 0) prime?
True
Suppose 77789 - 11902 = 2*o - 3*k, 4*k = -2*o + 65922. Is o a composite number?
True
Let b be -1*(-9)/(45/10). Suppose -3*j + 4*d = 2*d - 9037, b*j = -d + 6020. Is j composite?
False
Is ((-62812)/6)/(-6 - 128/(-24)) prime?
False
Let j(d) = 61*d**2 - 56*d + 2719. Is j(42) composite?
False
Let v = 470 - 1076. Suppose 3*t - 1615 = 4*p, -3*p - 733 - 473 = 3*t. Let b = p - v. Is b a prime number?
False
Let h(a) be the second derivative of a**4/12 + a**3/2 + 11*a**2/2 - 27*a. Let z be h(-11). Let s = z + 218. Is s composite?
False
Let l = 19 - 35. Let h(u) = -137*u + 48. Let g be h(l). Suppose y - 3461 = g. Is y prime?
True
Suppose -4*s - 12 = -6*s + 2*t, 4*s - 18 = t. Suppose z + 17958 = s*f + 2*z, -4*f + 2*z + 17952 = 0. Is f prime?
False
Let j(k) = -34*k**2 - 6*k + 13. Let p be j(-8). Let m = 911 + p. Let s = m - -1835. Is s a composite number?
False
Is -11 - -2 - (-18385 - -9) prime?
True
Let c(y) = -3777*y**3 + 9*y**2 + 19*y + 21. Is c(-2) prime?
False
Suppose 1191 + 624 = 11*a. Suppose -a*c + 173*c - 19472 = 0. Is c a prime number?
False
Let h be (-140)/40*(1 - 26/14). Let n be (7 - (2 + -2)) + -2. Suppose 2*l - 341 = -h*j, 0 = -n*j + j - 5*l + 450. Is j composite?
True
Let q(z) = -z**3 + 48*z**2 - 43*z - 234. Is q(43) composite?
True
Let y(v) = v**3 + 56*v**2 + 98*v + 496. Is y(51) composite?
True
Let c(r) = 3189*r**2 - 6*r + 2. Suppose -15 = -3*z + 3*p, 0 = -z + 2*p + 7. Is c(z) composite?
True
Let l(h) = 2027*h**3 - 4*h**2 + 2*h + 10. Is l(3) a prime number?
True
Suppose 61594 = 30*c - 165056. Is c composite?
True
Is 178938 + 2 + 10 - 21/(-9)*-3 a prime number?
False
Let s = -364 - -369. Suppose 0 = -6*v + 8*v - 5*h - 218, -2*v - s*h + 258 = 0. Is v composite?
True
Suppose -4*f + 307463 = -5*o, 74*f + 5*o = 73*f + 76847. Is f a prime number?
False
Let d(o) = -20*o**3 + 2*o**2 - 6*o + 13. Suppose 89 = 2*y + 3*l, -2*y + 3*y - 5*l - 38 = 0. Let g = -47 + y. Is d(g) a composite number?
True
Suppose 581009 = 4*d + 3*k, 5*d - 3*k + 62909 = 789177. Is d composite?
False
Let n(f) = 12*f**2 + 6*f - 5. Let p be n(8). Let l = p - -8280. Is l a composite number?
False
Let z = 553 - 547. Is (2 - (-6592)/z)*3/2 composite?
True
Let d = -1552 - -646. Let u = 2602 + d. Suppose 3*h - 1265 = 2*s, -4*h + 0*h + 5*s + u = 0. Is h a prime number?
True
Let n(z) = -z**3 - 19*z**2 - 3*z - 21. Let l be n(-18). Let t = 132 - l. Let r = t + -116. Is r composite?
False
Let p = -14 + 30. Let b = -14 + p. Is 1/(b/58)*17 a prime number?
False
Suppose 0 = 445*y - 97*y - 8055156. Is y prime?
False
Let s be (4 - -6105)/((-6 - -4) + 3). Suppose 2*l = -j + s, 2*j + 6638 + 8657 = 5*l. Is l a composite number?
True
Suppose 14*u - 5*u - 18 = 0. Suppose -12822 = -u*w - 3584. Is w a composite number?
True
Is (-2808246)/(98/(-14)) - -17 a composite number?
True
Let j(z) = -z**3 + 17*z**2 - 11*z + 21. Let f be 9 - ((-3)/9)/((-2)/(-6)). Is j(f) a composite number?
True
Suppose -5*l = -16 - 9. Suppose h + l*k + 37 = -h, 4*h - 4*k = -4. Is (-3)/(h/422)*1 a composite number?
False
Let g = -4 + -4. Let u(h) = -694*h - 39. Is u(g) a prime number?
False
Suppose -4*i + 1198583 - 825475 = -1334736. Is i a prime number?
False
Suppose 36 = -7*s + 13*s. Suppose -1657 - 1523 = -s*g. Suppose -4*w - b = -g - 238, -3*b = -3*w + 561. Is w composite?
False
Suppose 0 = 3*n + 4*h - 677150, 484*h = 4*n + 479*h - 902877. Is n prime?
False
Is 33216 - 11/(154/140) a composite number?
True
Suppose 49*a - 6773126 + 640041 = 0. Is a a composite number?
True
Let c = -1260 - -2668. Suppose c + 3984 = -8*f. Is (-14)/7 + (1 - f) a composite number?
False
Suppose 5*l - 2519 - 2081 = 0. Let o = l - -356. Suppose g + o = 5*g. Is g composite?
True
Suppose -b + 18*b = 714. Let x be (-14)/(-4) - (-2 - b/(-12)). Is 42/(-70)*(-1343 - x) composite?
True
Suppose 5*m = 4*c - 646783, -808414 = -5*c + 291*m - 294*m. Is c a prime number?
False
Let d(q) = 215*q**3 - q**2 + 2*q + 19. Let s be d(7). Let z = -31560 + s. Is z a composite number?
False
Let b(s) = 4541*s**2 - 126*s + 1487. Is b(12) a composite number?
False
Let j(n) be the first derivative of -13*n**4/2 - 2*n**3 - 14*n**2 - 19*n + 126. Is j(-9) prime?
True
Let b(a) = -1421*a - 8. Let l(o) = -1424*o - 9. Let t(v) = 4*b(v) - 5*l(v). Is t(5) prime?
True
Let v = 2796 - 4001. Let d = 773 + v. Let n = d + 706. Is n prime?
False
Let n(x) = 10516*x**3 + 14*x**2 - 27*x - 37. Is n(4) a prime number?
False
Let i = 477831 + -115448. Is i composite?
True
Suppose 3*s = s + 8. Suppose 5*c + 55 = 5*t, c + 1 + s = -2*t. Let x(o) = o**2 + o + 5. Is x(c) prime?
False
Suppose 0 = b - 4*f - 2003, 2*f + 625 = b - 1388. Suppose 0*u + 7*u - b = 0. Let n = u - -76. Is n a prime number?
False
Let j(z) = 358*z**2 - 42*z - 589. Is j(-18) prime?
True
Let v(b) = -2*b**2 + 9*b - 7. Let g be v(3). Suppose -2*c + 3*j + 6299 = 0, g*j + 0*j = -5*c + 15738. Suppose 2*n = -2*n + c. Is n a composite number?
False
Let i(l) = 17*l**2 - 125*l - 299. Is i(47) a composite number?
False
Let h(a) = -2*a**3 + 5*a**2 - 3*a - 1801. Let j(l) = -l**3 + l**2 - 2*l. Let d(p) = -h(p) + 3*j(p). Is d(0) composite?
False
Suppose -3*m + 155 = -2*j, -3*j = -6*m + 2*m + 233. Let g = j - -80. Is 13394 - g - 8/(-2) a prime number?
True
Suppose 3*k - 11 = d, 16*d - k = 13*d + 7. Let b(z) = 757*z - 75. Is b(d) prime?
True
Suppose 2*s + 234559 = 10*s - 172153. Is s a prime number?
True
Suppose v = 0, 3*v + 441411 = -15*m + 18*m. Is m a composite number?
False
Let f(a) = 120*a - 84. Let o(g) = -7*g + 5. Let c(b) = 5*f(b) + 84*o(b). Let d be c(10). Is (-3989)/(-9) + (d/54)/(-10) composite?
False
Let y(r) = 7*r - 7*r**2 + 16 + 4*r**2 + 5*r**2. Is y(-5) a prime number?
True
Suppose -120594 = -618*t + 615*